alse
Suppose -6*w + 16 = -38. Suppose -o = 3*d + o - 153, 3*o = -w. Is d a composite number?
False
Let z(k) = -16*k**3 - 11*k**2 - 22*k - 91. Is z(-8) prime?
True
Let v = 1772 + -973. Is v a prime number?
False
Let n(t) = 26*t**2 - 6*t + 5. Let c be n(3). Let m = c + -58. Is m a composite number?
False
Suppose -10*w + 343701 = 103411. Is w a prime number?
True
Suppose 3*x - 2581 = -838. Suppose -3*a + x = 200. Is a a prime number?
True
Suppose 0 = 10*w - 13*w + 2*f + 2147, 5*w - 5*f - 3570 = 0. Is w prime?
True
Suppose -3*l + 2*l = -5215. Suppose -l = 2*u - 7*u. Is u a prime number?
False
Let m(g) = -873*g + 1154. Is m(-19) a composite number?
True
Suppose 0 = 3*s + 2*q + 36 - 3, 4*q = 5*s + 77. Let r = -9 - s. Let c(h) = 30*h + 7. Is c(r) a composite number?
False
Suppose -3*v + 2*l + 4036 = 14088, -4*v + 3*l = 13402. Let r = -129 - v. Is r a prime number?
False
Suppose l - 2*o + 5 = -6*o, l + 5*o + 7 = 0. Let r(k) = 2*k**3 - 19 + 0*k**l - 29*k**2 + 0 + 6*k + 14*k. Is r(14) composite?
True
Let a(l) = 20*l + 4 - 3*l + 9*l + 5. Is a(4) a prime number?
True
Suppose 5*q + 3*w - 114280 = 0, 4*w - 45726 = -15*q + 13*q. Is q a composite number?
False
Let c(o) = 44*o**2 - 21*o + 92. Is c(5) a prime number?
True
Let r(g) = -23615*g - 118. Is r(-1) prime?
True
Let b be (-13 - -13)/((-1)/(-2)*6). Suppose 5*q + 3762 = 3*d, d = q - b*q + 1256. Is d a prime number?
True
Let y be (8305/(-10) + 3)*-2. Let z = 4820 - y. Suppose 0*c = -3*c + z. Is c prime?
False
Suppose a + 3*p = 2856, 4*a - 2*p - 11439 = p. Is a prime?
False
Let q(i) = i**3 + 42*i**2 - 20*i - 57. Is q(-34) a prime number?
True
Let a(f) be the second derivative of -f**5/20 + 7*f**4/12 - 5*f**3/6 - f**2 - 13*f. Is a(5) a composite number?
False
Suppose -4611 = -2*z + 2575. Is z composite?
False
Suppose 5*n + 4 + 1 = 0. Is n/2*(-2536)/4 prime?
True
Let y be 0 - 1 - 424/(-4). Let n be (1 - 3) + y + 0. Let f = 172 - n. Is f a prime number?
False
Let t be 3 + (-6)/(-8)*4. Let s = 11 - t. Suppose 3*o - 242 = -5*w, -5*o + 0*o + s*w + 350 = 0. Is o prime?
False
Let x = 21333 + -2330. Is x a composite number?
True
Let x = -1930 - -17873. Is x a prime number?
False
Let d(v) = -2*v + 1. Let a be d(-1). Suppose 474 = a*c - 3*z, 3*c + 0*c - 2*z = 473. Suppose -2*w = -w - c. Is w a prime number?
True
Let c(j) = -j**2 + 38. Let i be c(7). Let m(w) = 18*w**2 + 2*w - 3. Is m(i) a composite number?
False
Suppose -11*o + 24 = -3*o. Suppose -j + o = 2*j, 3*p = -j + 574. Is p a prime number?
True
Let o(s) = s**2 + 5*s + 4. Let c be o(-5). Let i be (c - 0)*254/8. Suppose -3*w - 3*v + 2*v + 115 = 0, 3*w + 4*v - i = 0. Is w prime?
True
Let p be (-16)/(-3) - (-2)/(-6). Suppose -b + t = 6*t - 1545, 7785 = 5*b - p*t. Is b composite?
True
Let u(t) = 3*t**2 - 2*t - 4. Let z be u(-12). Is z*(245/20)/7 a prime number?
False
Let c be (-3038)/12*-2 - (-12)/18. Suppose 0 = -0*j - 3*j + c. Is j a prime number?
False
Let l(i) = -138*i + 7. Is l(-1) a prime number?
False
Is 14/28*(9 + 1729) composite?
True
Suppose -w - 1 = -3*q + 4*q, -5*q - 13 = w. Is (-1)/(15/(-10)*w/1893) a composite number?
False
Let k(a) = a**3 - a. Let w(u) = -u**2 - 106*u**3 - 4*u + 1 + 0 - 84*u**3. Let m(s) = 3*k(s) - w(s). Is m(1) prime?
False
Suppose -2*y = -3*y - 50. Is 6/(-10) + (-22180)/y prime?
True
Suppose j - 297 - 1154 = 0. Is j a prime number?
True
Let k(r) = 127*r**3 + r**2 + 31*r - 7. Is k(6) prime?
True
Suppose 4*b = 20, h - 2*h + 2714 = -b. Is h a prime number?
True
Let p(k) = k + 20. Let q be p(-12). Suppose m - 11835 = -q*m. Is m a composite number?
True
Suppose 12*f - 8*f - 6808 = 0. Suppose -3*k + 835 + 8 = n, -2*n + 2*k + f = 0. Let j = -440 + n. Is j composite?
False
Let x be (3 + 0/3)*248/3. Suppose 3761 = 3*a + x. Is a prime?
True
Let z(l) be the third derivative of l**5/60 + l**4/24 + l**3/6 + 177*l**2. Let f be 6 - -2*(-1)/2. Is z(f) composite?
False
Suppose 0 = -5*h + 2 - 67. Is ((-5435)/(-3))/(h/(-39)) composite?
True
Let z(c) = -171*c**3 - 2*c**2 + 1. Let o be z(-1). Let s = o + -25. Let g = 272 - s. Is g a composite number?
False
Let j(o) = 9 - 1 - 29 + 128*o. Is j(8) a composite number?
True
Let l(f) be the second derivative of -f**5/20 + 11*f**4/12 + 7*f**2/2 + 2*f + 12. Let o be ((-5)/4)/(2/(-8)). Is l(o) a composite number?
False
Let m(p) = -5*p**2 - 7*p - 1. Let y be m(-9). Let x = -81 - y. Is x composite?
True
Let q(s) = -s**2 + 9*s + 6. Let f be 12/(-4)*1 - -14. Let p be q(f). Is (5 - p)*5/3 composite?
True
Suppose 2*h - 1156 = -4*y, 0 = h + 4*y + 30 - 612. Suppose 5*b + 0*x - 2*x + 1805 = 0, 3*b - 3*x = -1074. Let u = h + b. Is u composite?
False
Let w be (10/3)/(32/144). Is (-5*(-3)/w)/(1/307) a prime number?
True
Suppose -3*c = 938 - 6587. Suppose 5*f + 2*f = c. Is f a composite number?
False
Suppose 3*z - 5*b - 321 = 0, 3*z + z + 2*b - 402 = 0. Let m = -70 + z. Let g = m + 201. Is g composite?
False
Let n(y) = y**2 - 7*y + 1. Let z be n(7). Let d(i) = 80*i**2 - 1. Is d(z) composite?
False
Suppose 5*l = 5*c + 1560, 3*c = -43*l + 48*l - 1550. Is l a prime number?
True
Suppose -5*u - 2*i = -820, 6*u = 2*u - i + 656. Let p = 89 - u. Let y = p + 118. Is y prime?
True
Let m = -1603 + 4890. Let r = -2226 + m. Is r composite?
False
Suppose 0 = -9*y - 88852 + 408685. Is y a prime number?
True
Suppose 6 = -2*g - 2. Is ((-2174)/g)/((-1)/(-2)) a prime number?
True
Let p(j) = 5*j**3 + j**2 - 3*j + 1853. Is p(0) a composite number?
True
Let f be 276/(-8)*((0 - 0) + -26). Let i = f + -142. Is i composite?
True
Let i = -12 - -17. Suppose 3 = i*g - 7. Is ((-265)/10)/((-1)/g) composite?
False
Suppose x = -4*c + 51282, 5*c + 4*x = 2*x + 64101. Is c composite?
False
Let m(s) = -s**2 - 19*s - 32. Let x be m(-17). Suppose 477 + 869 = x*q. Is q a prime number?
True
Suppose -5*x + 25 = 0, h - 2*x = 4*h - 68989. Is h a composite number?
False
Suppose 14*o + 7875 = 5*o. Let k = o + 1272. Is k a prime number?
True
Let l = 53289 - 17774. Is l a composite number?
True
Let c be 12/(-21) - (-4)/7. Is 27*7 + c - -2 a prime number?
True
Suppose -26*i + 72505 = -9*i. Is i a prime number?
False
Let p(t) = 5*t + 6. Let b(w) = w + 2. Let x be b(-10). Let d = -3 - x. Is p(d) prime?
True
Let w(l) = 22*l**2 - 8*l - 2. Suppose 2*x - 15*x - 78 = 0. Is w(x) a prime number?
False
Suppose 0 = -4*g - 0*g + 5*k + 8, 5*k = 5*g - 10. Suppose -8 = -2*p + g. Suppose -f - 332 = -p*f. Is f composite?
False
Let r(n) = -n**2 + 24*n + 11. Suppose 3*a + 4*d + 18 - 84 = 0, -3*d = -5*a + 110. Suppose 0 = -23*c + a*c + 18. Is r(c) prime?
False
Let p(u) = -9*u**3 - u**2 - 10*u - 7. Is p(-15) a prime number?
True
Let u(o) = 5*o**3 - 26*o**2 + 28*o + 67. Is u(28) prime?
True
Let b(s) = -s**2 + 11*s + 8. Let z be b(6). Suppose a = z - 2. Suppose 4*v = 20 + a. Is v composite?
True
Let m = -12 + 14. Suppose -m*w + 5*w = 63. Is w a prime number?
False
Let o be (1328/(-20))/(4/30). Is ((-26)/39)/(4/o) a composite number?
False
Suppose 0 = 7*r - 5*r - 18. Suppose 5*s + 6268 = r*s. Is s a prime number?
True
Let h = -4501 - -9642. Is h a composite number?
True
Let h be ((-768)/(-30))/(2/10). Suppose 5*a + 670 = 5*x - 0*a, 2*a = -x + h. Suppose q + 3*q = x. Is q a prime number?
False
Let o be ((-2)/(-6))/(6/(-162)). Let i = 1 + o. Is 398*(-2)/i*6 a composite number?
True
Let n(g) = -13*g**3 + 3*g**2 + 2*g - 12. Let w(x) = -12*x**3 + 3*x**2 + 2*x - 12. Let b(u) = 4*n(u) - 3*w(u). Is b(-5) composite?
False
Suppose -25*q = 28409 - 337734. Is q prime?
True
Suppose 5*h + b + 4*b = 35, 0 = -4*h - 3*b + 23. Suppose -h*t = -t - 4. Is 41 + t/(16/(-12)) a composite number?
True
Let t(c) = 468*c - 43. Let l be t(15). Let n = l + -4363. Is n a composite number?
True
Let x(p) = -3469*p + 15. Is x(-8) a composite number?
False
Let p = -22 + 36. Let g = -9 + p. Suppose 0*j - 20 = -g*j. Is j prime?
False
Let o be 1/2 + (-405)/(-10). Suppose -s = -4*d + 189, 4*d + 3*s = o + 128. Is d composite?
True
Suppose 6*u - 16044 = 10056. Let s = u - 1741. Is s prime?
True
Suppose -12480 = -8*x - 1808. Let c = x + 71. Is c prime?
False
Suppose -t = 4*n - 10454, -t + 5*n = -5938 - 4516. Is t prime?
False
Let n(j) = 60*j**2 + 1. Let p be n(-1). Suppose -g = -0*g - p. Suppose 31 = 4*d - g. Is d a prime number?
True
Suppose 0 = -4*v - v + 35. Let f(o) = 16*o**2 - 2*o**2 - 2 - 4*o**2 + 2*o - o**3. Is f(v) prime?
Fa